
True
Is 165033082 a prime number?
False
Is 39552093227 a prime number?
False
Is 13009425397 composite?
False
Is 3552887099 a prime number?
True
Is 1302695743 a composite number?
False
Is 977993279 a composite number?
True
Is 10182901 composite?
False
Is 40496501 a prime number?
True
Is 44826499103 a composite number?
False
Is 469836821 a prime number?
True
Is 33438660769 prime?
True
Is 30506299373 a prime number?
False
Is 168672601 a composite number?
False
Is 1334788591 a composite number?
True
Is 2148047095 a composite number?
True
Is 17041723073 a prime number?
True
Is 2420366693 a prime number?
False
Is 7739927683 prime?
False
Is 66648859117 a composite number?
False
Is 3015976247 composite?
True
Is 516325213 a composite number?
False
Is 580575301 composite?
True
Is 2940874127 prime?
False
Is 13926596479 a composite number?
True
Is 3656124047 a composite number?
True
Is 1232835961 composite?
True
Is 6266421043 composite?
False
Is 1437987539 composite?
False
Is 974871327 prime?
False
Is 7101967429 prime?
True
Is 7415821967 prime?
False
Is 34399987507 prime?
True
Is 2168916977 prime?
True
Is 1313257187 a composite number?
True
Is 55910340587 prime?
True
Is 16492683391 composite?
True
Is 40800299429 a prime number?
True
Is 20389285831 composite?
True
Is 8834896123 composite?
False
Is 14215365559 a prime number?
False
Is 313138739 a prime number?
True
Is 11544947867 a composite number?
False
Is 23818640473 composite?
True
Is 25532156303 a prime number?
False
Is 636061781 a composite number?
False
Is 13116744919 a composite number?
False
Is 20800880713 composite?
False
Is 12475242677 a composite number?
True
Is 4526826859 composite?
False
Is 2690509 prime?
False
Is 13729415965 composite?
True
Is 579994343 prime?
True
Is 112493165277 composite?
True
Is 8951059661 a composite number?
True
Is 10378683281 prime?
False
Is 387013536463 composite?
True
Is 368737903 composite?
True
Is 9451434547 prime?
False
Is 321596299 a prime number?
False
Is 969747227 prime?
True
Is 4217048015 prime?
False
Is 3019582729 a composite number?
False
Is 649462889 prime?
True
Is 1125128063 prime?
False
Is 279843320971 prime?
False
Is 192118417229 a composite number?
False
Is 10346123 prime?
False
Is 6071182813 a composite number?
True
Is 21976053701 a prime number?
False
Is 12601123553 a prime number?
True
Is 310427917 a composite number?
True
Is 14873891 prime?
False
Is 2372027927 a composite number?
True
Is 179455181 composite?
False
Is 358688753 a composite number?
False
Is 6993655183 a composite number?
False
Is 562689761 a composite number?
False
Is 3582503987 composite?
True
Is 119495908869 a composite number?
True
Is 4772334961 prime?
True
Is 26547121 a prime number?
True
Is 25135694767 a composite number?
False
Is 47857452257 prime?
True
Is 3864640357 a composite number?
True
Is 510440317 prime?
False
Is 52995619 a composite number?
False
Is 63611173 prime?
True
Is 12876850747 prime?
True
Is 4624865977 a composite number?
True
Is 159466855411 composite?
False
Is 95011289 prime?
False
Is 351654967 composite?
False
Is 26956433821 composite?
False
Is 2190510101 prime?
False
Is 178478753 prime?
False
Is 5932486913 a composite number?
True
Is 103572714559 composite?
False
Is 4206515795 a prime number?
False
Is 20699578058 prime?
False
Is 21041650873 a prime number?
False
Is 396663571 a composite number?
False
Is 1393335289 a prime number?
False
Is 260318343559 a composite number?
True
Is 1980749987 a composite number?
False
Is 35012834369 a composite number?
False
Is 19332743371 a composite number?
True
Is 47618684447 a prime number?
True
Is 226543033 a composite number?
False
Is 1810241927 composite?
True
Is 51275502913 a composite number?
False
Is 253934363 prime?
True
Is 882540331 composite?
True
Is 146881853 prime?
False
Is 3129535703 a prime number?
False
Is 20068181291 a prime number?
False
Is 11121208561 a prime number?
False
Is 152967103 a prime number?
True
Is 33664578938 prime?
False
Is 572507321 a prime number?
True
Is 665468429 composite?
True
Is 31890067487 a prime number?
True
Is 1774302007 a composite number?
True
Is 20662929731 a prime number?
False
Is 2776298281 a composite number?
False
Is 2212376699 composite?
True
Is 406314109 prime?
False
Is 19930868257 composite?
True
Is 22674729729 composite?
True
Is 12233964427 composite?
False
Is 128909431139 a prime number?
True
Is 26074271231 composite?
False
Is 243669961 composite?
False
Is 26892877357 prime?
False
Is 110203361 a prime number?
False
Is 11499421529 a composite number?
False
Is 1198072383 a prime number?
False
Is 329251469 a composite number?
True
Is 6532108573 a composite number?
False
Is 21116119 a prime number?
True
Is 830351051 prime?
True
Is 35329407679 prime?
True
Is 6953003067 a prime number?
False
Is 40794878129 composite?
True
Is 11228465513 prime?
True
Is 2372054957 a composite number?
False
Is 1522697 a composite number?
True
Is 1926099121 prime?
False
Is 1628247311 a composite number?
True
Is 836096077 prime?
True
Is 9669948089 a composite number?
False
Is 409289453 a prime number?
True
Is 17665029593 a composite number?
False
Is 1528429963 a prime number?
True
Is 1187607481 a composite number?
True
Is 57600622869 a prime number?
False
Is 1561504249 a composite number?
False
Is 50767177 composite?
True
Is 423575987 a composite number?
True
Is 907703957 composite?
False
Is 74097706271 a prime number?
False
Is 2087945329 a composite number?
True
Is 7272524087 a composite number?
True
Is 2564655091 a prime number?
True
Is 6905399483 a composite number?
False
Is 259379383 a prime number?
False
Is 1063913159 composite?
True
Is 653514271 prime?
False
Is 9909798671 a composite number?
False
Is 12075992009 prime?
False
Is 65424071 a prime number?
False
Is 2280279229 a prime number?
False
Is 1129349393 prime?
False
Is 128167589 composite?
True
Is 1595443391 a prime number?
True
Is 10639083283 prime?
True
Is 18228457165 a composite number?
True
Is 826722637 composite?
True
Is 549582289 a prime number?
False
Is 12359185955 prime?
False
Is 13436164789 composite?
False
Is 1170291011 a composite number?
False
Is 218931793909 a prime number?
True
Is 463608373 a composite number?
False
Is 588821927 prime?
True
Is 86552567 a prime number?
True
Is 44227138297 composite?
False
Is 103588356227 a composite number?
True
Is 803502583 prime?
False
Is 46793139373 prime?
True
Is 7891371203 a composite number?
True
Is 54307669807 a prime number?
False
Is 1302591371 composite?
True
Is 815952329 a prime number?
False
Is 154731512071 prime?
True
Is 291331987 composite?
True
Is 156009084623 a prime number?
False
Is 13374900293 prime?
True
Is 97306126573 prime?
True
Is 10055484949 a prime number?
False
Is 10025537063 a composite number?
True
Is 5257532039 a composite number?
True
Is 98222722261 a prime number?
True
Is 111191757191 prime?
True
Is 38871059701 prime?
False
Is 214931293 a prime number?
True
Is 4057088207 a prime number?
True
Is 251035691 prime?
False
Is 43011253 prime?
False
Is 417172591 prime?
False
Is 612980099 a prime number?
False
Is 536429657 a composite number?
True
Is 25151346929 a composite number?
True
Is 1170541753 a composite number?
False
Is 46961094931 composite?
False
Is 1881511319 a prime number?
True
Is 309082984501 composite?
False
Is 3878397131 a prime number?
False
Is 235775809 a prime number?
True
Is 423148181 composite?
True
Is 5798061721 a prime number?
True
Is 3983531819 prime?
True
Is 1090050415 a composite number?
True
Is 15181173269 a composite number?
False
Is 22031844827 composite?
False
Is 559211879 prime?
True
Is 27194640569 prime?
False
Is 1555536641 prime?
True
Is 70259052827 a prime number?
False
Is 1227517801 prime?
True
Is 4185878237 a prime number?
True
Is 462889997 prime?
True
Is 8275253813 composite?
False
Is 590903639 composite?
False
Is 5518941466 composite?
True
Is 45277229167 a prime number?
True
Is 562505603 a composite number?
True
Is 6338070791 prime?
False
Is 1446193733 prime?
False
Is 12511776821 a composite number?
True
Is 8551626199 composite?
False
Is 4766527333 a prime number?
False
Is 10767687781 a prime number?
True
Is 188576621953 a prime number?
True
Is 16067557141 composite?
True
Is 65879956547 a composite number?
True
Is 11929209157 comp